253.
29
What is the remainder when 6121 is divided by 7?
3
Calculate the remainder when 191 is divided by 177.
14
What is the remainder when 168 is divided by 43?
39
What is the remainder when 575 is divided by 21?
8
What is the remainder when 1506 is divided by 489?
39
What is the remainder when 759 is divided by 339?
81
Calculate the remainder when 66 is divided by 32.
2
What is the remainder when 532 is divided by 67?
63
What is the remainder when 2427 is divided by 1209?
9
Calculate the remainder when 53 is divided by 40.
13
What is the remainder when 281 is divided by 71?
68
What is the remainder when 1136 is divided by 4?
0
What is the remainder when 6765 is divided by 36?
33
Calculate the remainder when 150 is divided by 12.
6
What is the remainder when 274 is divided by 28?
22
What is the remainder when 542 is divided by 42?
38
Calculate the remainder when 1818 is divided by 28.
26
Calculate the remainder when 1135 is divided by 16.
15
What is the remainder when 524 is divided by 173?
5
What is the remainder when 99 is divided by 54?
45
What is the remainder when 1481 is divided by 14?
11
What is the remainder when 1564 is divided by 32?
28
Calculate the remainder when 293 is divided by 27.
23
Calculate the remainder when 5094 is divided by 28.
26
What is the remainder when 93 is divided by 44?
5
What is the remainder when 2067 is divided by 45?
42
What is the remainder when 334 is divided by 32?
14
What is the remainder when 91 is divided by 24?
19
What is the remainder when 62 is divided by 21?
20
Calculate the remainder when 556 is divided by 82.
64
Calculate the remainder when 108 is divided by 46.
16
What is the remainder when 26 is divided by 2?
0
Calculate the remainder when 5100 is divided by 176.
172
What is the remainder when 6880 is divided by 246?
238
What is the remainder when 1605 is divided by 11?
10
What is the remainder when 243 is divided by 64?
51
Calculate the remainder when 28 is divided by 10.
8
What is the remainder when 6241 is divided by 367?
2
What is the remainder when 110 is divided by 10?
0
Calculate the remainder when 25014 is divided by 118.
116
What is the remainder when 734 is divided by 82?
78
What is the remainder when 1477 is divided by 107?
86
Calculate the remainder when 6029 is divided by 125.
29
What is the remainder when 5 is divided by 2?
1
What is the remainder when 16798 is divided by 14?
12
Calculate the remainder when 2665 is divided by 29.
26
Calculate the remainder when 264 is divided by 30.
24
Calculate the remainder when 522 is divided by 137.
111
What is the remainder when 10930 is divided by 11?
7
What is the remainder when 3172 is divided by 127?
124
What is the remainder when 59 is divided by 29?
1
What is the remainder when 425 is divided by 45?
20
What is the remainder when 887 is divided by 2?
1
What is the remainder when 101 is divided by 68?
33
Calculate the remainder when 448 is divided by 85.
23
What is the remainder when 3525 is divided by 126?
123
Calculate the remainder when 151197 is divided by 75.
72
What is the remainder when 294 is divided by 70?
14
Calculate the remainder when 239 is divided by 27.
23
Calculate the remainder when 115 is divided by 22.
5
Calculate the remainder when 162 is divided by 29.
17
Calculate the remainder when 49 is divided by 39.
10
What is the remainder when 254 is divided by 64?
62
What is the remainder when 376 is divided by 124?
4
Calculate the remainder when 74 is divided by 4.
2
Calculate the remainder when 64 is divided by 17.
13
Calculate the remainder when 11717 is divided by 8.
5
Calculate the remainder when 193 is divided by 30.
13
What is the remainder when 19681 is divided by 74?
71
What is the remainder when 598 is divided by 10?
8
What is the remainder when 236 is divided by 70?
26
Calculate the remainder when 166 is divided by 2.
0
What is the remainder when 1786 is divided by 595?
1
Calculate the remainder when 256 is divided by 66.
58
What is the remainder when 1229 is divided by 7?
4
What is the remainder when 41 is divided by 7?
6
Calculate the remainder when 818 is divided by 55.
48
Calculate the remainder when 298 is divided by 79.
61
What is the remainder when 513 is divided by 1?
0
Calculate the remainder when 457 is divided by 171.
115
Calculate the remainder when 141 is divided by 39.
24
Calculate the remainder when 3971 is divided by 137.
135
What is the remainder when 483 is divided by 13?
2
Calculate the remainder when 3834 is divided by 55.
39
Calculate the remainder when 70 is divided by 44.
26
What is the remainder when 52 is divided by 12?
4
Calculate the remainder when 97 is divided by 84.
13
What is the remainder when 2552 is divided by 7?
4
What is the remainder when 159 is divided by 57?
45
What is the remainder when 10884 is divided by 35?
34
What is the remainder when 185 is divided by 93?
92
Calculate the remainder when 70 is divided by 43.
27
What is the remainder when 2759 is divided by 12?
11
Calculate the remainder when 1313 is divided by 85.
38
Calculate the remainder when 1246 is divided by 96.
94
Calculate the remainder when 576 is divided by 58.
54
What is the remainder when 336 is divided by 70?
56
Calculate the remainder when 593 is divided by 197.
2
Calculate the remainder when 120 is divided by 16.
8
Calculate the remainder when 63 is divided by 11.
8
Calculate the remainder when 115 is divided by 22.
5
What is the remainder when 450 is divided by 329?
121
Calculate the remainder when 128 is divided by 11.
7
Calculate the remainder when 378 is divided by 85.
38
What is the remainder when 809 is divided by 106?
67
Calculate the remainder when 241 is divided by 11.
10
Calculate the remainder when 22 is divided by 19.
3
Calculate the remainder when 5049 is divided by 5034.
15
Calculate the remainder when 159 is divided by 121.
38
What is the remainder when 4749 is divided by 66?
63
Calculate the remainder when 11 is divided by 5.
1
Calculate the remainder when 1052 is divided by 149.
9
Calculate the remainder when 1182 is divided by 91.
90
Calculate the remainder when 975 is divided by 109.
103
Calculate the remainder when 341 is divided by 110.
11
Calculate the remainder when 233 is divided by 59.
56
What is the remainder when 3824 is divided by 31?
11
What is the remainder when 323 is divided by 156?
11
What is the remainder when 3630 is divided by 125?
5
Calculate the remainder when 125 is divided by 26.
21
What is the remainder when 587 is divided by 22?
15
What is the remainder when 1556 is divided by 774?
8
What is the remainder when 150 is divided by 60?
30
Calculate the remainder when 191 is divided by 52.
35
What is the remainder when 110 is divided by 39?
32
What is the remainder when 93 is divided by 92?
1
Calculate the remainder when 1461 is divided by 12.
9
What is the remainder when 289 is divided by 95?
4
Calculate the remainder when 138 is divided by 26.
8
What is the remainder when 18 is divided by 5?
3
Calculate the remainder when 50 is divided by 38.
12
Calculate the remainder when 1138 is divided by 30.
28
Calculate the remainder when 33 is divided by 9.
6
Calculate the remainder when 147 is divided by 5.
2
Calculate the remainder when 293 is divided by 18.
5
What is the remainder when 405 is divided by 214?
191
What is the remainder when 67 is divided by 31?
5
What is the remainder when 2340 is divided by 11?
8
What is the remainder when 391 is divided by 127?
10
What is the remainder when 2133 is divided by 47?
18
Calculate the remainder when 51 is divided by 22.
7
Calculate the remainder when 49 is divided by 25.
24
What is the remainder when 117 is divided by 12?
9
Calculate the remainder when 303 is divided by 9.
6
What is the remainder when 111 is divided by 7?
6
What is the remainder when 1827 is divided by 55?
12
What is the remainder when 11658 is divided by 23?
20
What is the remainder when 198 is divided by 95?
8
What is the remainder when 87 is divided by 52?
35
What is the remainder when 79 is divided by 22?
13
What is the remainder when 645 is divided by 24?
21
Calculate the remainder when 61 is divided by 26.
9
Calculate the remainder when 1157 is divided by 45.
32
Calculate the remainder when 190 is divided by 27.
1
What is the remainder when 21773 is di